eatest common divisor of f and k.
11
Suppose 21 + 12 = 3*x. What is the greatest common divisor of 1 and x?
1
Suppose -55*h - 44 = -59*h. Calculate the highest common factor of h and 88.
11
Let x be 111/15 + 2/(-5). Let l(n) = -n**2 + 9*n**2 - 6*n + 0*n**2 - 3 - n**3. Let q be l(x). Calculate the highest common factor of q and 8.
4
Let p = 22 - 4. What is the highest common factor of p and 126?
18
Let a = -28 + 56. Calculate the highest common factor of 7 and a.
7
Let d(v) = 3*v - v**3 - 4 - 11*v**2 - 5*v + 4*v**2. Suppose -3*p + 4 = 25. Let n be d(p). What is the greatest common factor of 40 and n?
10
Let z be 14 + 0 + 6/(-3). Calculate the highest common divisor of z and 18.
6
Let n be -2*(2 + -1) + 5. Suppose 0 = n*j - 2 - 13. Suppose 9 = -3*a, -j*a = 2*y - a. Calculate the greatest common divisor of 66 and y.
6
Suppose 5*c = 13 + 12. Let q be (12/(-5))/((-1)/c). What is the highest common divisor of 12 and q?
12
Let v(k) = -k**3 - 3*k**2 - k + 1. Let l be v(-3). Suppose l*j - 158 - 162 = 0. What is the highest common divisor of 32 and j?
16
Suppose -3*s + 4*k = 8*k - 149, 2*s - 4*k - 126 = 0. Calculate the highest common factor of s and 11.
11
Let g = -4 - -6. Suppose -5*h + g*h = -57. Suppose d + o = 8, d - 2*o = -2*d + h. Calculate the greatest common factor of 35 and d.
7
Suppose 46 = 2*f - 50. Suppose -2*b - 10 + 34 = 0. What is the greatest common divisor of b and f?
12
Suppose 10 = 5*h - 5. What is the highest common divisor of 3 and h?
3
Suppose 2*o = 5*o - 9. Suppose 0*t = -o*t + 63. What is the highest common factor of 14 and t?
7
Let d(g) = 7*g**2. Let n(b) = b**2 + 4*b - 1. Let u be n(-4). Let z be d(u). Calculate the highest common divisor of z and 35.
7
Suppose -7*y - 28 = -9*y. Calculate the highest common divisor of y and 14.
14
Let v = -1 + 3. Suppose v*d - 30 - 6 = 0. What is the highest common factor of d and 162?
18
Let u = 104 + -62. Suppose -5*i = -o + 2*o - 224, -i + u = 3*o. What is the greatest common factor of i and 30?
15
Let k(m) = -m**2 - 17*m + 46. Let n be k(-19). Calculate the highest common factor of 104 and n.
8
Suppose -i = 4*o + 12, -4*i = -3*i + 2*o + 6. Let r = i + 0. Suppose z + 2*c - 5 - 11 = r, -80 = -5*z + c. What is the greatest common divisor of z and 8?
8
Let k(d) = -d**3 + 7*d**2 - 2*d - 5. Let i be k(6). What is the greatest common factor of i and 152?
19
Suppose -f - 4*f = -70. What is the highest common divisor of f and 98?
14
Suppose -2*t = -0*f + 2*f + 2, 4*t = 2*f - 10. Let h = t + 3. Suppose 3*v + 1 - 4 = 0. What is the greatest common factor of h and v?
1
Let a be (242*2/(-2))/((-6)/3). What is the greatest common divisor of 11 and a?
11
Let m(w) = -8 + 5*w + 3*w - 10*w. Let r be m(-6). Calculate the highest common factor of r and 10.
2
Let v(g) = 2. Let o(f) = f**2 - 1. Let c(r) = o(r) + v(r). Let i be c(-1). Calculate the greatest common factor of 12 and i.
2
Let u = 12 - -7. What is the highest common factor of u and 95?
19
Let s(l) = l**2 - 3*l - 4. Let v be s(-3). Let t(h) = 4*h + 3 + 6*h - 3 - 5. Let y be t(4). What is the greatest common divisor of y and v?
7
Suppose 4*t = 2*k - 10, -3*t - 7 - 6 = 4*k. Let b = 15 - t. Calculate the greatest common divisor of 3 and b.
3
Suppose -4*b + 2*y = y - 44, 0 = -b + y + 11. Let h be 11/(3/(-21)*-1). Let t be h + 1 - (2 + -1). Calculate the highest common divisor of b and t.
11
Let h = -94 - -130. Calculate the greatest common divisor of 4 and h.
4
Let i be 2*(9/2 + -2). Let u = i - 3. Let q(w) = 2*w**2 - 7*w - 1. Let x be q(5). What is the highest common divisor of u and x?
2
Suppose -4*v + 2*z - 6 = 0, -5*v = -5*z - 1 + 16. Suppose -b - 2 = -v*b. Let p = b - -4. Calculate the highest common divisor of 4 and p.
2
Suppose -j + 2 = 0, 0 = -3*t - j - 4*j + 22. Suppose 0 = t*o - 12 + 4. Calculate the highest common divisor of 2 and o.
2
Let q = -45 + 50. Calculate the highest common divisor of q and 20.
5
Let b = 1 - -1. Let l be (-8)/(-16) - 5/(-2). Calculate the greatest common divisor of l and b.
1
Suppose -2*p + 2 = -0*p. Let s = p - -11. What is the greatest common divisor of s and 30?
6
Suppose 17 = i - 415. Suppose -i = -3*z - z. What is the highest common factor of z and 27?
27
Suppose -428 + 116 = -12*r. Calculate the highest common divisor of 65 and r.
13
Suppose -3*r + 145 = a, 51 = 2*r + 3*a - 48. Suppose 4*u = u + r. Calculate the greatest common divisor of 128 and u.
16
Suppose -2*x = x - 18. Let a be 14*3/x + -1. What is the greatest common divisor of 4 and a?
2
Suppose 0 = -6*n + 2*n + 640. Suppose 0*z - 5*z + n = 0. Calculate the greatest common factor of z and 4.
4
Let v be ((-6)/9)/((-3)/(-54)). Let j = v + 13. What is the greatest common factor of j and 2?
1
Let c be (0/(-3))/(-2) - -2. Let k(o) = o**2 + 0 + 3*o + c*o - 5. Let a be k(5). What is the greatest common factor of 9 and a?
9
Let g = 5 - 8. Let c be 18/(-4)*2/g. Suppose -a = -4*a - 3*b - 12, 0 = c*a + 5*b + 22. What is the greatest common divisor of 11 and a?
1
Let s = -24 - -30. Calculate the greatest common factor of s and 102.
6
Let v = -1 + -1. Let x = v - -2. Suppose x = z + z - 64. What is the highest common divisor of z and 8?
8
Suppose -3*a - 5*u = -59, 2*u - 18 = -a + 2. Suppose -4*r + 14 = -2*p - 0*p, -3*p = -5*r + 21. Let b = p + 16. Calculate the highest common factor of b and a.
9
Suppose -2*i = 43 - 115. Suppose 5*r - 2*r - i = 0. What is the highest common factor of 36 and r?
12
Let o = 1 + 15. What is the greatest common divisor of 8 and o?
8
Let l be 12*1/(-3)*-64. Suppose d + l = 5*d. Suppose 0 = 3*t - 5*s - 34, 0 = 2*s - s + 2. What is the highest common factor of t and d?
8
Suppose 272 = 5*z - 2*s, 2*z - 5*s - 92 = -0*z. Let j be 1 + 6 - (-2)/2. Calculate the highest common divisor of j and z.
8
Suppose 5*n - 4 = 11. Suppose -4*w + 29 = n*r - 48, r - 19 = -w. Let h = 35 + -5. What is the highest common factor of w and h?
10
Suppose 3*h = 2*v - 150, v - h - 75 = -3*h. Let g be (-3 - 0) + 36/6. Suppose 64 = g*o - 26. What is the greatest common divisor of v and o?
15
Let b(n) = 3*n**2 + n - 2. Let y be b(-3). Let z = -11 + y. Calculate the greatest common factor of 110 and z.
11
Let i = 53 - -20. Suppose i - 1501 = -3*h. Suppose -3*p + 7*p - h = 0. What is the greatest common divisor of p and 17?
17
Suppose -4*w + 49 = 2*p + w, -5*p = -3*w - 45. Let b(n) = n - 3. Let c be b(6). Calculate the highest common factor of p and c.
3
Suppose -3*a = -2*b - 424, 4*a - b = 549 + 13. Let v be ((-6)/(-4))/(3/a). Calculate the highest common factor of 10 and v.
10
Suppose 5*w - 16 = -2*v, 5*v - 5*w + 26 = 2*v. Let t be (4 + v - 3)/1. Let l be 11 + 5 + 2/t. Calculate the highest common factor of 35 and l.
7
Let i(a) = -a**2 + 5*a + 7. Let h be i(6). Suppose -q - 12 = -4*q. Calculate the highest common divisor of q and h.
1
Suppose 3*p - 4*c - 190 = 0, 3 = c + 1. Suppose 0 = 3*u - 6*u + 3*s + p, -4*u = 4*s - 48. Calculate the greatest common divisor of 17 and u.
17
Let p = -3 + -1. Let f be 10/(p/6*-3). Let b(g) = g**2 - 10*g + 16. Let j be b(12). Calculate the greatest common divisor of f and j.
5
Let s(r) = r**2 + 5*r - 1. Let y be s(-6). Let z = y - -13. Calculate the greatest common divisor of 6 and z.
6
Suppose 4*p + 2 = 2*t - 2, 4*t - 5*p - 11 = 0. What is the greatest common factor of t and 12?
4
Let s be 76*5/20 + -3. Calculate the highest common divisor of 1 and s.
1
Suppose -54 + 9 = -3*c. Suppose 5*m - 461 = 889. Let n = m - 105. Calculate the greatest common factor of c and n.
15
Let s = -15 + 31. Suppose 2*k - 4 = k + 3*q, 4*q - 12 = 0. Let n(z) = 7*z - 11. Let w be n(k). Calculate the highest common factor of s and w.
16
Let a = 61 + -28. What is the greatest common divisor of 22 and a?
11
Let x be (-11)/(1/(-6)*3). Calculate the highest common divisor of x and 11.
11
Let c be -2*((-4)/(-14) - 36/28). What is the highest common divisor of 10 and c?
2
Let f = -1 + 1. Suppose f = 2*v - 364 - 98. What is the greatest common factor of v and 33?
33
Let o be 271/3 - 2/(-3). Calculate the highest common factor of o and 13.
13
Let f(u) be the second derivative of u**4/6 - 4*u**3/3 - u**2 + 3*u. Let m be f(7). What is the highest common factor of 60 and m?
20
Suppose -6*q + 2*q + 48 = 0. Let d = 217 - 121. Calculate the highest common divisor of q and 